{"id":9,"date":"2022-09-18T15:19:39","date_gmt":"2022-09-18T13:19:39","guid":{"rendered":"https:\/\/neuromedis.pl\/?page_id=9"},"modified":"2022-09-29T08:21:43","modified_gmt":"2022-09-29T06:21:43","slug":"home","status":"publish","type":"page","link":"https:\/\/neuromedis.pl\/","title":{"rendered":"Home"},"content":{"rendered":"\t\t<div data-elementor-type=\"wp-page\" data-elementor-id=\"9\" class=\"elementor elementor-9\">\n\t\t\t\t\t\t\t\t\t<section class=\"elementor-section elementor-top-section elementor-element elementor-element-337b3d9 elementor-section-boxed elementor-section-height-default elementor-section-height-default\" data-id=\"337b3d9\" data-element_type=\"section\">\n\t\t\t\t\t\t<div class=\"elementor-container elementor-column-gap-default\">\n\t\t\t\t\t<div class=\"elementor-column elementor-col-100 elementor-top-column elementor-element elementor-element-ba37f2e\" data-id=\"ba37f2e\" data-element_type=\"column\">\n\t\t\t<div class=\"elementor-widget-wrap elementor-element-populated\">\n\t\t\t\t\t\t\t\t<div class=\"elementor-element elementor-element-69c36bc elementor-position-left elementor-vertical-align-top elementor-widget elementor-widget-image-box\" data-id=\"69c36bc\" data-element_type=\"widget\" data-widget_type=\"image-box.default\">\n\t\t\t\t<div class=\"elementor-widget-container\">\n\t\t\t<style>\/*! elementor - v3.7.7 - 20-09-2022 *\/\n.elementor-widget-image-box .elementor-image-box-content{width:100%}@media (min-width:768px){.elementor-widget-image-box.elementor-position-left .elementor-image-box-wrapper,.elementor-widget-image-box.elementor-position-right .elementor-image-box-wrapper{display:-webkit-box;display:-ms-flexbox;display:flex}.elementor-widget-image-box.elementor-position-right .elementor-image-box-wrapper{text-align:right;-webkit-box-orient:horizontal;-webkit-box-direction:reverse;-ms-flex-direction:row-reverse;flex-direction:row-reverse}.elementor-widget-image-box.elementor-position-left .elementor-image-box-wrapper{text-align:left;-webkit-box-orient:horizontal;-webkit-box-direction:normal;-ms-flex-direction:row;flex-direction:row}.elementor-widget-image-box.elementor-position-top .elementor-image-box-img{margin:auto}.elementor-widget-image-box.elementor-vertical-align-top .elementor-image-box-wrapper{-webkit-box-align:start;-ms-flex-align:start;align-items:flex-start}.elementor-widget-image-box.elementor-vertical-align-middle .elementor-image-box-wrapper{-webkit-box-align:center;-ms-flex-align:center;align-items:center}.elementor-widget-image-box.elementor-vertical-align-bottom .elementor-image-box-wrapper{-webkit-box-align:end;-ms-flex-align:end;align-items:flex-end}}@media (max-width:767px){.elementor-widget-image-box .elementor-image-box-img{margin-left:auto!important;margin-right:auto!important;margin-bottom:15px}}.elementor-widget-image-box .elementor-image-box-img{display:inline-block}.elementor-widget-image-box .elementor-image-box-title a{color:inherit}.elementor-widget-image-box .elementor-image-box-wrapper{text-align:center}.elementor-widget-image-box .elementor-image-box-description{margin:0}<\/style><div class=\"elementor-image-box-wrapper\"><figure class=\"elementor-image-box-img\"><img loading=\"lazy\" decoding=\"async\" width=\"270\" height=\"236\" src=\"https:\/\/neuromedis.pl\/wp-content\/uploads\/2022\/09\/neuromedis_223-2.jpg\" class=\"attachment-full size-full\" alt=\"\" \/><\/figure><div class=\"elementor-image-box-content\"><h3 class=\"elementor-image-box-title\">Centrum Medyczne Neuromedis<\/h3><p class=\"elementor-image-box-description\">\nSerdecznie witamy Pa\u0144stwa na naszej stronie. Centrum powsta\u0142o ze szczeg\u00f3lnym nastawieniem na niesienie pomocy pacjentom z potrzebami neurologicznymi, jednak nie jest to jedyny zakres naszych us\u0142ug. <\/br>\nCentrum Medyczne NeuroMedis to prywatna plac\u00f3wka medyczna o kameralnej,\nprzyjaznej atmosferze, nastawionej na \u017cyczliwe i profesjonalne podej\u015bcie do\nproblem\u00f3w pacjent\u00f3w w zakresie zdrowia psychicznego i somatycznego.<\/br>\nSpecjali\u015bci Centrum Medycznego NeuroMedis to pasjonaci w swojej dziedzinie,\ndlatego systematycznie podnosz\u0105 swoje kwalifikacje zawodowe uczestnicz\u0105c w\nkursach, konferencjach, kongresach i sta\u017cach bran\u017cowych.<\/p><\/div><\/div>\t\t<\/div>\n\t\t\t\t<\/div>\n\t\t\t\t\t<\/div>\n\t\t<\/div>\n\t\t\t\t\t\t\t<\/div>\n\t\t<\/section>\n\t\t\t\t\t\t\t<\/div>\n\t\t","protected":false},"excerpt":{"rendered":"<p>Centrum Medyczne Neuromedis Serdecznie witamy Pa\u0144stwa na naszej stronie. Centrum powsta\u0142o ze szczeg\u00f3lnym nastawieniem na niesienie pomocy pacjentom z potrzebami neurologicznymi, jednak nie jest to jedyny zakres naszych us\u0142ug. Centrum Medyczne NeuroMedis to prywatna plac\u00f3wka medyczna o kameralnej, przyjaznej atmosferze, nastawionej na \u017cyczliwe i profesjonalne podej\u015bcie do problem\u00f3w pacjent\u00f3w w zakresie zdrowia psychicznego i somatycznego. &hellip; <\/p>\n","protected":false},"author":2,"featured_media":0,"parent":0,"menu_order":0,"comment_status":"closed","ping_status":"closed","template":"elementor_header_footer","meta":{"footnotes":""},"class_list":["post-9","page","type-page","status-publish","hentry"],"_links":{"self":[{"href":"https:\/\/neuromedis.pl\/index.php?rest_route=\/wp\/v2\/pages\/9","targetHints":{"allow":["GET"]}}],"collection":[{"href":"https:\/\/neuromedis.pl\/index.php?rest_route=\/wp\/v2\/pages"}],"about":[{"href":"https:\/\/neuromedis.pl\/index.php?rest_route=\/wp\/v2\/types\/page"}],"author":[{"embeddable":true,"href":"https:\/\/neuromedis.pl\/index.php?rest_route=\/wp\/v2\/users\/2"}],"replies":[{"embeddable":true,"href":"https:\/\/neuromedis.pl\/index.php?rest_route=%2Fwp%2Fv2%2Fcomments&post=9"}],"version-history":[{"count":60,"href":"https:\/\/neuromedis.pl\/index.php?rest_route=\/wp\/v2\/pages\/9\/revisions"}],"predecessor-version":[{"id":246,"href":"https:\/\/neuromedis.pl\/index.php?rest_route=\/wp\/v2\/pages\/9\/revisions\/246"}],"wp:attachment":[{"href":"https:\/\/neuromedis.pl\/index.php?rest_route=%2Fwp%2Fv2%2Fmedia&parent=9"}],"curies":[{"name":"wp","href":"https:\/\/api.w.org\/{rel}","templated":true}]}}